rue
Is 132017 a composite number?
True
Is 721079 prime?
True
Is 25595 composite?
True
Is 42061 prime?
True
Is 211177 a prime number?
True
Is 7993 prime?
True
Is 90599 composite?
False
Is 3221 prime?
True
Is 578143 composite?
True
Is 1954969 composite?
True
Is 44155 prime?
False
Is 34233 composite?
True
Is 1657 a prime number?
True
Is 19121 composite?
False
Is 2348569 composite?
False
Is 814051 composite?
True
Is 49561 a composite number?
True
Is 1361 prime?
True
Is 7841 a prime number?
True
Is 53043 composite?
True
Is 47455 a prime number?
False
Is 2492995 composite?
True
Is 44987 a composite number?
False
Is 10133 a composite number?
False
Is 40967 prime?
False
Is 26621 a composite number?
True
Is 29099 composite?
True
Is 4201 a prime number?
True
Is 1213 composite?
False
Is 1341611 a composite number?
False
Is 253411 composite?
True
Is 110407 prime?
False
Is 3593 prime?
True
Is 15787 a prime number?
True
Is 6163 a prime number?
True
Is 693223 a prime number?
True
Is 2579 a prime number?
True
Is 513082 a composite number?
True
Is 2657 prime?
True
Is 917 prime?
False
Is 13165 a composite number?
True
Is 194609 composite?
False
Is 2521613 composite?
False
Is 355427 a prime number?
True
Is 17513 prime?
False
Is 331603 prime?
True
Is 192539 prime?
True
Is 1511 composite?
False
Is 60446 composite?
True
Is 76745 a prime number?
False
Is 2323 a composite number?
True
Is 96043 a prime number?
True
Is 193007 a prime number?
False
Is 3433 prime?
True
Is 5731 composite?
True
Is 2565449 a prime number?
True
Is 42323 a prime number?
True
Is 355127 a composite number?
False
Is 12151 composite?
True
Is 8285 a composite number?
True
Is 12251 a prime number?
True
Is 5959 a composite number?
True
Is 9431 prime?
True
Is 12991 composite?
True
Is 23047 a composite number?
True
Is 16333 a composite number?
False
Is 57317 prime?
False
Is 93823 composite?
True
Is 89041 prime?
True
Is 36037 a composite number?
False
Is 23314 a prime number?
False
Is 785269 a prime number?
True
Is 29599 a prime number?
True
Is 85681 a composite number?
True
Is 118666 a prime number?
False
Is 2275549 composite?
False
Is 27179 a prime number?
True
Is 429589 prime?
True
Is 44439 a composite number?
True
Is 18269 composite?
False
Is 14971 composite?
True
Is 6731 composite?
True
Is 193387 composite?
False
Is 223 prime?
True
Is 2099 a prime number?
True
Is 355799 composite?
False
Is 32987 prime?
True
Is 61627 composite?
False
Is 6247 prime?
True
Is 39505 prime?
False
Is 242989 composite?
False
Is 9865 a prime number?
False
Is 1681 a composite number?
True
Is 44953 composite?
False
Is 24019 a prime number?
True
Is 491285 a composite number?
True
Is 4751 a prime number?
True
Is 68573 a composite number?
True
Is 9239 composite?
False
Is 5359 a prime number?
False
Is 3589 a prime number?
False
Is 7377 a prime number?
False
Is 271289 prime?
True
Is 1399235 prime?
False
Is 16409 a composite number?
True
Is 2473 a prime number?
True
Is 3053 a prime number?
False
Is 13507 composite?
True
Is 503218 composite?
True
Is 13643 composite?
True
Is 36253 a prime number?
False
Is 2051503 a composite number?
True
Is 821741 prime?
True
Is 1417 a composite number?
True
Is 99751 prime?
False
Is 38393 prime?
True
Is 38501 a composite number?
False
Is 244513 prime?
False
Is 9103 composite?
False
Is 949903 a prime number?
True
Is 29494 composite?
True
Is 932939 a composite number?
True
Is 3967 a composite number?
False
Is 406211 a composite number?
True
Is 34535 a composite number?
True
Is 2967643 prime?
False
Is 3707 a composite number?
True
Is 125863 composite?
False
Is 6587 a prime number?
False
Is 279751 prime?
True
Is 86461 prime?
True
Is 238397 prime?
True
Is 114467 a composite number?
False
Is 11597 composite?
False
Is 1466 prime?
False
Is 556679 composite?
False
Is 77079 prime?
False
Is 69847 composite?
False
Is 4703 a prime number?
True
Is 469045 composite?
True
Is 12193 a composite number?
True
Is 159089 composite?
True
Is 188459 a prime number?
True
Is 5305 a prime number?
False
Is 102359 prime?
True
Is 76559 a prime number?
False
Is 9313 prime?
False
Is 1056893 composite?
False
Is 137549 a composite number?
True
Is 11105 prime?
False
Is 593337 a composite number?
True
Is 42469 a composite number?
True
Is 285731 composite?
False
Is 204101 a prime number?
True
Is 185161 prime?
True
Is 13745 a prime number?
False
Is 370439 prime?
True
Is 2612143 composite?
False
Is 115201 prime?
True
Is 269023 prime?
True
Is 4861529 a composite number?
False
Is 1361 a prime number?
True
Is 669 composite?
True
Is 1135 prime?
False
Is 992879 composite?
True
Is 843881 composite?
False
Is 560389 a composite number?
True
Is 34601 a prime number?
False
Is 1221233 a prime number?
False
Is 1273 composite?
True
Is 47039 composite?
True
Is 49783 a composite number?
False
Is 381037 composite?
False
Is 527 a composite number?
True
Is 872699 prime?
False
Is 13327 a prime number?
True
Is 16969 composite?
True
Is 77611 a prime number?
True
Is 42869 prime?
False
Is 200029 prime?
True
Is 29599 prime?
True
Is 28563 a composite number?
True
Is 358349 composite?
False
Is 15047 a prime number?
False
Is 417253 a prime number?
False
Is 297983 prime?
False
Is 74671 a composite number?
True
Is 428411 prime?
True
Is 733301 composite?
False
Is 24709 a prime number?
True
Is 30031 a prime number?
False
Is 7283 a composite number?
False
Is 592451 a prime number?
True
Is 83519 composite?
True
Is 407 composite?
True
Is 362 prime?
False
Is 36035 a prime number?
False
Is 125393 prime?
False
Is 476309 composite?
True
Is 38431 a prime number?
True
Is 105071 prime?
True
Is 883871 a composite number?
False
Is 1003543 prime?
True
Is 124919 a prime number?
True
Is 11665 composite?
True
Is 10921 a prime number?
False
Is 1630491 composite?
True
Is 15359 composite?
False
Is 1993105 composite?
True
Is 13093 a composite number?
False
Is 125569 composite?
True
Is 1282 a composite number?
True
Is 951 prime?
False
Is 187121 a composite number?
True
Is 258959 composite?
False
Is 15541 a prime number?
True
Is 496999 a composite number?
False
Is 1883 composite?
True
Is 717229 composite?
False
Is 234467 a prime number?
True
Is 94678 prime?
False
Is 8419 a prime number?
True
Is 401083 a composite number?
True
Is 49783 a prime number?
True
Is 2129 a composite number?
False
Is 7043 composite?
False
Is 137986 composite?
True
Is 67679 a prime number?
True
Is 47249 composite?
True
Is 8053 composite?
False
Is 22993 prime?
True
Is 10481 prime?
False
Is 135653 prime?
False
Is 8357 prime?
False
Is 7717 a composite number?
False
Is 1754 composite?
True
Is 2179 a composite number?
False
Is 11377 prime?
False
Is 3863 composite?
False
Is 1560161 prime?
False
Is 156059 prime?
True
Is 27133 a composite number?
True
Is 2767 prime?
True
Is 234473 prime?
True
Is 2016773 composite?
True
Is 243469 a composite number?
False
Is 73259 composite?
False
Is 7349 composite?
False
Is 282221 a prime number?
True
Is 778973 composite?
True
Is 31793 composite?
False
Is 12226 a prime number?
False
Is 7661 composite?
True
Is 45857 a composite number?
True
Is 14631 a composite number?
True
Is 8171 prime?
True
Is 12829 composite?
False
Is 8501 a composite number?
False
Is 819577 a prime number?
False
Is 57455 composite?
True
Is 72643 a composite number?
False
Is 5051 a composite number?
False
Is 2214053 composite?
True
Is 439627 a composite number?
True
Is 277653 a composite number?
True
Is 94697 a prime number?
False
Is 22613 prime?
True
Is 180293 prime?
False
Is 59743 a composite number?
False
Is 3494 prime?
False
Is 125441 a prime number?
True
Is 331099 prime?
True
Is 7423 a prime number?
False
Is 998879 a prime number?
False
Is 172693 composite?
True
Is 237851 a prime number?
True
Is 8497 composite?
True
Is 48379 composite?
True
Is 523427 composite?
False
Is 450733 prime?
False
Is 379963 a prime number?
True
Is 127973 prime?
True
Is 18419 composite?
True
Is 517 a prime number?
False
Is 266663 prime?
True
Is 3377 prime?
False
Is 335 a prime number?
False
Is 2773 prime?
False
Is 227413 prime?
False
Is 251 a composite number?
False
Is 195401 a prime number?
True
Is 10223 composite?
False
Is 17831 composite?
True
Is 989453 a prime number?
False
Is 193363 a composite number?
True
Is 41999 a composite numb